h**3 + 3*h - 12. Let c(z) = z**3 - z**2 - 4*z + 12. Let b(m) = -3*c(m) - 4*d(m). What is the tens digit of b(l)?
1
Suppose 5*l + 18*z - 13*z = 103910, 0 = -l + 2*z + 20770. What is the ten thousands digit of l?
2
Let j(s) = -s**2 + 2*s + 13. Let p be j(0). Suppose 33 - p = u + 5*q, 0 = q - 2. Suppose u*c - 180 = 510. What is the tens digit of c?
6
Suppose -15*j - 24 + 69 = 0. Let z be 2/(7 - j)*-14. What is the units digit of ((-5)/(-1) + z)*-31?
2
Let r = -10802 - -19620. What is the thousands digit of r?
8
Suppose -a - 15*b = -11*b - 52212, -a + 52087 = -21*b. What is the ten thousands digit of a?
5
Suppose -9*s + 35 = -10. Let i(z) = 8*z**2 - z + 7. What is the tens digit of i(s)?
0
Let r(j) = -2*j**2 + 33*j - 65. Let y be r(15). What is the thousands digit of 13068/10 + ((-184)/y - 9)?
1
Suppose -11*g + 8*g + 9 = 0. Suppose 397 = v + g*m, -4*m + 6*m - 1177 = -3*v. What is the tens digit of v?
9
Suppose -f - 5*o = -25946, -f + 4*o + 32443 = 6551. What is the tens digit of f?
1
Let t = -104 - -106. Let h(l) = -16*l - 7 + 2 - t*l + 0. What is the hundreds digit of h(-13)?
2
Let o(z) = 314*z - 1671. What is the tens digit of o(61)?
8
Let m(b) = 38*b - 187. Let o be m(5). Suppose 889 = o*p - 950. What is the tens digit of p?
1
Suppose -345*b = -350*b + 36605. What is the hundreds digit of b?
3
Let m(w) = -7*w**3 - 24*w**2 - 16*w - 1. What is the tens digit of m(-8)?
7
Let t = 3422 - 3418. Let m(k) = 31*k - 6*k - 6 + 3*k. What is the hundreds digit of m(t)?
1
Suppose 5*p - 9*t - 8920 = -11*t, 0 = 5*p + 5*t - 8935. Suppose -g + q + 1185 - 301 = 0, p = 2*g + 5*q. What is the tens digit of g?
8
Let h = -62 - -98. Let d = -30 + h. Suppose -2*r + 434 = d*w - w, -r + 216 = 2*w. What is the hundreds digit of r?
2
Let o be (-1 - -192) + (2 - -5) + -11. Let u = o - -152. What is the tens digit of u?
3
Let x = -17 + 22. Let z(c) = -c + 4*c + 11*c + 7*c. What is the tens digit of z(x)?
0
Let c = 36791 + -25449. What is the units digit of c?
2
Suppose -c - 27 = -5*o, -c = -5*o + 4*c + 15. Suppose 0 = 10*y - 8325 + 1785. Suppose -o*u + 9*u = y. What is the hundreds digit of u?
2
Let h be ((-33)/6 + 1)*(-1424)/4. Suppose -5*y = 3*q - h, q + 1606 = -0*y + 5*y. What is the tens digit of y?
2
Let i = 239 - 191. Suppose 43*r + 1570 = i*r. What is the hundreds digit of r?
3
Let z(l) = -27332*l**3 + l**2 + 32*l + 32. What is the units digit of z(-1)?
3
Let q = -4 + 6. Suppose -21*t = -16588 + 1006. Suppose -q*w + 564 = w + d, -4*w + t = -2*d. What is the hundreds digit of w?
1
Suppose b = 3 + 3. Suppose -5*w = 4*z + 39, -b*z - 5*w = -z + 45. What is the units digit of 1/((-6)/(-18))*(-116)/z?
8
Suppose i + 3*y - 2805 + 555 = 0, -2*y + 6743 = 3*i. What is the hundreds digit of i?
2
Let d(u) = -5*u - 101. Let b be d(-19). What is the hundreds digit of b/(-57) - (-256544)/304?
8
What is the units digit of (7/6)/(13/1989)*(115 - -1)?
6
Suppose 0 = 3*q - 4*v - 2236, -1164 = -4*q + 2*v + 1824. Let t = 1203 - 707. Let k = q - t. What is the hundreds digit of k?
2
Suppose -16*w = -23*w + 5474. Suppose 0 = 5*m - 3*b - 974, -4*m + b = -0*b - w. What is the units digit of m?
6
Suppose 0 = 4*j - x - 69234, -2*j - 4*x + 5455 + 29135 = 0. What is the units digit of j?
7
Suppose 5*w + 1402 = 3*n + w, w - 1382 = -3*n. Let z = -138 + n. Suppose -z = u - 3*u. What is the hundreds digit of u?
1
Suppose -4*n - 2 = -10. Suppose n*u + u - 1131 = 0. Suppose 0 = 2*m - 4*k - 186, -4*k = -4*m - k + u. What is the tens digit of m?
9
Suppose 27*m - 518 = -10*m. Suppose -2*q = a - 577, -5*q - m = 11. What is the hundreds digit of a?
5
Let q = 29763 + -10884. What is the ten thousands digit of q?
1
Suppose 0 = -42*w + 28*w + 504. What is the units digit of (w - (8 + 2))*(-12)/(-2)?
6
Suppose 270*t - 7950 = 255*t. Suppose 0 = 2*y - 4*s - t, 241 = y - 2*s + 6*s. What is the hundreds digit of y?
2
Suppose 2*z - 5*i = 228, -5*z + 3*i = i - 570. Let y = -110 + z. Suppose -y*w - 310 = -2*d, d - 4*w - 183 = -34. What is the tens digit of d?
6
Let z be (347 - 3)*(15 + -9). What is the hundreds digit of z/(-8)*(5/3 + -3)?
3
Let o = 2641 - -3809. What is the units digit of o?
0
Let m be 32/9 - (-132)/297. Suppose m*l = b - 58, -3*l + 116 = 3*b - b. What is the units digit of b?
8
Let s be 2*5/10*-3. Let w be (61/s)/((-2)/(-6)). What is the tens digit of (0/5)/(-1 + 0) - w?
6
Let p(q) = -2*q**3 - 18*q**2 - q - 11. Let t be p(-8). Let r = t + 410. What is the tens digit of r?
7
What is the thousands digit of (-244)/(-2440) + (-44069)/(-10)?
4
Let n = 6405 - 1467. What is the units digit of n?
8
What is the tens digit of (-15568572)/(-620) - 28/(-20)?
1
Let s(u) = 11*u + 1. Let w be s(3). Suppose -5*k + 20 = -3*g + 8*g, 5*k = g - w. Suppose -216 = -g*r + 5*r. What is the tens digit of r?
5
What is the hundreds digit of (-180)/1170 + (-59620)/(-13)?
5
Let r be (12/(-30) - -1)*-1195. Let k = r - -1962. What is the hundreds digit of k?
2
Let s(d) = d**3 + 40*d**2 + 39*d - 54. Suppose -36*p = -40*p - 152. What is the hundreds digit of s(p)?
3
Let k = 758 - 121. Let a = k - 218. Suppose -a - 545 = -4*f. What is the hundreds digit of f?
2
Suppose -10*n + 20 = -10. Suppose -11 = -n*t - 5*q, -t + 4*q + 2 - 4 = 0. What is the tens digit of t - 0 - (-17 + (1 - 0))?
1
Let f = -43912 + 89095. What is the ten thousands digit of f?
4
Suppose -4*q = 3*x + 854, -2*q - x = -0*x + 426. Let w = 221 + q. What is the units digit of w?
9
Let w = 2237 - 853. What is the units digit of w?
4
Suppose -5*c + 356 + 6364 = 0. What is the hundreds digit of c?
3
Let o = 8 - 171. Let s = 241 + o. What is the tens digit of s?
7
Suppose 0 = -61*m + 35*m + 2314. Let b = m - -281. What is the hundreds digit of b?
3
Let r(i) = -i**3 + 5*i**2 - 6*i + 2. Let c be r(2). Suppose x + 346 = 3*u, -220 = 4*u - 6*u - c*x. Let h = u - 41. What is the units digit of h?
3
Suppose 10*m = 99253 + 4367. What is the units digit of m?
2
Let a(r) = r**3 - 50*r**2 - 20*r + 119. What is the hundreds digit of a(52)?
4
Let r = -6403 - -25922. What is the thousands digit of r?
9
What is the units digit of (6512/48)/(-37)*(-12820 + (1 - 0))?
3
Suppose -5*f - z + 256987 = 0, 90*z - 89*z - 2 = 0. What is the thousands digit of f?
1
Suppose 0 - 5 = -p - 2*y, 2*y + 22 = 2*p. Suppose -p*l = -8*l - 5. Suppose w - 4*w = -4*z - 68, l*z = 4*w - 92. What is the tens digit of w?
2
Suppose i = -3*g + 6880, -g + 3*i + 853 + 1427 = 0. Suppose -2*f + 0*t = -t - g, -4*f + 4584 = -5*t. What is the tens digit of f?
4
Let b = -17257 - -29781. What is the units digit of 1/(b/(-63395) + (-1)/(-5))?
9
Suppose 0 = 8*r + 11341 - 206821. Suppose r = 44*g - 17365. What is the units digit of g?
0
Let n(p) = 5 - 4 + 26*p + 91*p. Let c be n(-1). Let f = 278 + c. What is the tens digit of f?
6
Suppose -4*a = -h + 2070, -5*a = -2*h - a + 4132. What is the tens digit of h?
6
Suppose -3*v + 3*p + 240 = 0, -9*p + 188 = 2*v - 4*p. Let i = v - -712. What is the hundreds digit of i?
7
What is the tens digit of (-139 - -700) + (-13)/1?
4
What is the units digit of (3 - 6114/(-9))*(-21 + 30)?
1
Suppose -5*v = 0, w - v = -5*v + 150. Suppose 0 = -4*t - 5*c - 288, -2*t + 0*t - c - w = 0. Let i = 134 + t. What is the units digit of i?
7
Suppose 4*f - b = 2572, -5*f + 3228 = 3*b - b. Let r = -341 + f. What is the hundreds digit of r?
3
Let l(g) = -22067*g - 4568. What is the thousands digit of l(-3)?
1
Let s(y) = 66*y**3 - 2*y**2 + 2*y - 1. Suppose -8*n - 2 = -9*n. Suppose l = -n*q + 3*l + 4, 0 = l + 1. What is the units digit of s(q)?
5
Let n(f) = f**2. Let w(h) = -101*h**3 - 5*h**2 + 1. Let x(b) = -5*n(b) - w(b). Let z be x(-1). Let c = -16 - z. What is the tens digit of c?
8
Suppose 1731041 = 407*a - 419076 - 3858831. What is the thousands digit of a?
4
Let d(l) = -78*l + 43. Let y(h) = -157*h + 87. Let c(s) = 9*d(s) - 4*y(s). What is the hundreds digit of c(-7)?
5
Suppose -n + 4433 = 3*t, 3229 + 18950 = 5*n + t. What is the thousands digit of n?
4
What is the thousands digit of (-15)/40 + 455/40 - -17943?
7
Suppose -4*q + 10 = 2. Suppose 0*u + 3*v + 210 = -3*u, v - q = 0. Let a = -35 - u. What is the tens digit of a?
3
Let k be (-99)/22*(-16)/6. Suppose y = -4*y + 2*s + k, -3*s = -5*y + 8. What is the units digit of -2 + -2 + 13 - y?
5
Let v = -126 + 128. Suppose -5*c + 0*z - z = -18, 0 = -3*c - v*z +